 -571. What is the tens digit of g?
5
Suppose 40783 = 125*h - 635217. What is the hundreds digit of h?
4
Suppose 0 = -m + 2 + 9. Suppose -13*h = -m*h - 280. What is the hundreds digit of h?
1
Suppose -7 + 3 = -4*i, 2478 = 5*d + 3*i. What is the units digit of d?
5
Suppose -48*g + 53*g - 2*j = 7930, -15 = -3*j. What is the tens digit of g?
8
Let f = 717 + -260. What is the tens digit of f?
5
Suppose -69*m + 62*m + 847 = 0. What is the tens digit of m?
2
Suppose -7*r + 2*r = -2*o + 191, -5*o + 3*r = -525. Let x be 220/18 - 24/o. Let i = 37 + x. What is the units digit of i?
9
Let v(j) = -j**3 + 10*j**2 + 3*j - 2. Let t be v(11). Let c be ((-2)/(-6))/((-5)/t). Suppose -c*p + 190 = -p. What is the units digit of p?
8
Let b(a) = 384*a + 141. What is the hundreds digit of b(4)?
6
Let q be (-6 + 6 + -1)/(2/(-66)). Suppose q*w = 32*w + 91. What is the units digit of w?
1
Suppose 4*m - 2 = 3*m. Let a(h) = 6*h**2 + 1 - 2*h**2 + 3*h**m + 16*h**2. What is the units digit of a(1)?
4
Let k(o) = -o**2. Let b(u) = 3*u**2 - 10*u - 14. Let x(d) = -b(d) - 2*k(d). Let s be x(11). Suppose s*f = 63 + 24. What is the units digit of f?
9
Suppose -5*a = r - 95, -2*a + 218 = 3*r - 15. Let f = 144 - r. What is the units digit of f?
9
Let f(z) = 9*z - 228. Let t(c) = -5*c + 114. Let r(b) = -6*f(b) - 11*t(b). What is the hundreds digit of r(0)?
1
Let r be (10/2 - 2) + 0. Let q(u) = 2*u**2 - 4*u**3 + 5*u**r - 13*u + 0 - 8 + 9*u**2. What is the units digit of q(-12)?
4
Suppose 6 = -k - 2*o, k + 3*o = -0*k - 10. Suppose 4*i + k*d = 6*i - 66, 2*i - 86 = -3*d. What is the tens digit of i?
3
Let q(l) = -l**3 + 8*l**2 + 5*l - 3. Let y be q(8). Let t = y - 18. Let m = 7 + t. What is the tens digit of m?
2
Let i = -1445 + 3124. What is the thousands digit of i?
1
Let o(t) = 9*t**2 + 3*t - 1. Suppose 9 + 36 = 5*x. Let a = x - 7. What is the units digit of o(a)?
1
Suppose 4*w - 311 = 505. What is the units digit of w?
4
Suppose -12 = -6*f + 3*f. Suppose m - f*i = -16, -4 + 8 = 3*m + i. Let x = m - -7. What is the units digit of x?
7
Let m be (-90)/(-20)*(-4)/(-6). Let x be -4 + (9/m - -29). Suppose -x = -t + 4. What is the tens digit of t?
3
Let i(d) = 58*d**2 - 7*d - 6. Let k be i(-1). Let w = k + 33. What is the tens digit of w?
9
Let k = 486 + -424. What is the tens digit of k?
6
Let q = 2076 - -1056. What is the tens digit of q?
3
Let f be (-39)/26 + 162/4. What is the units digit of (-153)/(-4) - f/(-52)?
9
Let a = -2 - -1. Let x be (6 - a) + 1*-3. Suppose y = 5, -5*y - 3 = -0*p - x*p. What is the units digit of p?
7
Suppose 5*b - 10*b = -225. Let c = b + 5. What is the tens digit of c?
5
Let j = 7 - -97. Let k = -8 - -10. What is the units digit of (1/k)/(4/j)?
3
Let h(s) = -559*s - 10. What is the tens digit of h(-1)?
4
Suppose 0*o + o = -3*m + 961, -3*m + 3*o + 945 = 0. What is the tens digit of m?
1
Let n = 23 - 31. Let u be (2 - n/1)*-1. Let s = 22 - u. What is the tens digit of s?
3
Suppose -240 = -b - 2*z + 96, -b + 342 = -z. What is the hundreds digit of b?
3
Let n(f) = f**3 - 8*f**2 + f - 6. Let p be n(6). Let s be p/(-20) - (-12)/(-20). What is the units digit of (s - -44) + -1 + -1?
5
Suppose 46*v = 50*v - 820. Suppose -2*y - 3*y + v = -f, -25 = 5*f. What is the tens digit of y?
4
Suppose -92*y + 2583 = -89*y. What is the hundreds digit of y?
8
Suppose 17*s = -274 + 1073. What is the units digit of s?
7
Let a(p) = -p + 18. Let w be a(18). Suppose -v + 4*r = -w*r - 76, 3*v + 2*r = 228. Let q = v + -43. What is the tens digit of q?
3
What is the units digit of 1/4 - 7803/(-36)?
7
Let o be (-629)/(-68) + 2/(-8). Let h(f) = 2*f**2 - 14*f + 6. What is the units digit of h(o)?
2
Let h be (-6)/8 + (-13)/52. What is the units digit of (17/34)/(h/(-106))?
3
Let x = 38 - 39. Let h(d) = -46*d**3 + 3*d**2 - 1. What is the tens digit of h(x)?
4
Let g(l) = l + 16. Let f be g(-11). Suppose 1034 = f*h + 254. What is the hundreds digit of h?
1
Suppose 4*q + l - 1581 = 0, 2*q - 786 = -2*l - 0*l. What is the tens digit of q?
9
Suppose 0 = 19*x - 18*x + 253. What is the units digit of 3 - x - (-2)/1?
8
Let a = 175 + -27. What is the hundreds digit of a?
1
Let g = -136 + 36. Let v = g + 161. What is the units digit of v?
1
Let j(b) = 2*b**2 + 8*b + 14. Let n(x) = 2*x + 5. Let h be n(-6). What is the tens digit of j(h)?
5
Suppose 24*k = 5892 - 1020. What is the units digit of k?
3
Suppose 0 = -5*d - 0*d + 25. Suppose -12 = -m - 5*z + 3*z, 8 = d*m - 3*z. Suppose -m*h + 238 = 4*o - o, -2*h - 5*o = -112. What is the units digit of h?
1
Suppose -4 + 3 = -2*c - 3*f, 5*c - 5*f = 40. Suppose -c*b - 31 = 29. What is the units digit of 9 + -4 + b/4?
2
Let x(u) = -u**3 - 9*u**2 + 3*u - 13. Let c = -21 - -11. What is the tens digit of x(c)?
5
Let d = -570 + 1407. What is the tens digit of d?
3
Let j(c) = 10 - 15 + 2*c - c**2 + 46. What is the tens digit of j(0)?
4
Let n = 2 - -17. Let g = -14 + n. Suppose 2*b + 36 = i, 5*i = -0*i - g*b + 150. What is the tens digit of i?
3
Let j = -58 + 64. What is the units digit of 160/(-30)*j/4*-11?
8
Let x(f) be the third derivative of -f**6/120 - f**5/60 - f**4/24 - f**3/2 + 2*f**2. Let p be x(0). What is the tens digit of (-39)/(-2) + p/2?
1
Let x(k) = 3*k**2 + 5*k + 3. Let s be x(-3). Suppose -1 = -2*g - s. What is the units digit of 2/g - (-204)/28?
7
Let j = 928 + -536. What is the tens digit of j?
9
Let t = 30 - 7. Suppose -2*d - j - 9 = 0, -d - 2*d + 4 = -2*j. Let l = d + t. What is the units digit of l?
1
Let o be 1 + 4/4 + 3. Let q be o + (1 - -1) + 0. Suppose 5*b - 17 = -q. What is the units digit of b?
2
What is the hundreds digit of ((-36792)/(-108))/((-4)/(-6))?
5
Let n(w) = -w**3 - 12*w**2 - 21*w - 13. Let y = -34 + 23. What is the units digit of n(y)?
7
Suppose -4*v + 5956 = -5*i, -38 = -3*i - 26. What is the thousands digit of v?
1
Let f = -615 + 1064. What is the tens digit of f?
4
Let d be (-8)/4 - (-1 - 1). Suppose 5*u - 7*u + 10 = d. Suppose 3*a = -u*b + a + 140, 5*b - 175 = 5*a. What is the units digit of b?
0
Let t be 384/36 - 2/3. Let m = t - 10. Suppose a - 17 = -m. What is the units digit of a?
7
Suppose -5*w + 10 = 0, 3*w + 72 - 10 = 4*h. Let n = h + 44. What is the tens digit of n?
6
What is the hundreds digit of ((-7)/3)/((-6)/2862)?
1
Let s(x) = -18*x**3 + x**2 - 9*x - 43. What is the hundreds digit of s(-4)?
1
Suppose -4*k = 20, 4*j + 179 = 4*k - 25. Let i = 162 + j. What is the units digit of i?
6
Let g = -18 - -7. Let m = -7 - g. Let k = 31 - m. What is the units digit of k?
7
Let v be (0 + 2)/(714/142 - 5). What is the tens digit of (-5 + v/5)/(2/10)?
4
Suppose 14*o = 12*o - 222. Let x = 183 + o. What is the tens digit of x?
7
Let h = -225 + 337. What is the units digit of h?
2
Suppose -7*p = -3*p + 20. Let n = p - -7. Suppose 2*l + n*l = 68. What is the tens digit of l?
1
Suppose 8123 + 6437 = 7*p. What is the tens digit of p?
8
Let d(b) = -b**2 - 4*b + 148. Let j be d(0). Let g = -133 + j. What is the units digit of g?
5
Let o(j) = 10*j - 2. Let w be o(1). Let x = w - 2. Suppose -7*f = -x*f - 4. What is the units digit of f?
4
Suppose 2*z = -2, 5*p + z = -z + 8. Let w(y) = 21*y + 5*y**p - 30 - 6*y**2 + 30 - 18. What is the tens digit of w(15)?
7
Let z = -10 + -35. What is the tens digit of z/(-18)*(12 + -2)?
2
Let r = 137 - -18. Let z(m) = m**3 + 5*m**2 - 8*m - 4. Let g be z(-6). Suppose g*c + r = 13*c. What is the units digit of c?
1
Suppose 0 = c + c - 4, 5*t - 17 = -c. Suppose 5*m - 89 = -2*b, t*m + 20 = -3*b + 149. What is the tens digit of b?
4
Let w be 1/(1/6) - 1. Suppose 0 = w*q + 5*m + 35, -2*m - 25 - 3 = 4*q. Let y(g) = g**3 + 7*g**2 - 10*g - 8. What is the units digit of y(q)?
2
Let x(c) = 5*c**2 - 5*c + 1. Let k(i) = i**2 - i. Let p(b) = 11*k(b) - 2*x(b). Let u be p(2). Suppose -z + 4*z - 102 = u. What is the units digit of z?
4
Suppose 59 + 13 = 4*h + 3*z, -5*z = 2*h - 22. Suppose 3*y + h = 2*n, 5*n - 71 = 5*y - 21. What is the units digit of n?
9
Suppose -4*o = -2*o + u + 10, -4*u = -2*o - 10. Let k(j) = 9*j**2 + 13*j + 35. What is the tens digit of k(o)?
9
Suppose 21*i = 25*i - 160. Let v = i - -27. What is the tens digit of v?
6
Let t be 1/((-6)/2)*-24. Suppose 4*s = -5*o - t, -3*s + o - 5*o = 5. What is the units digit of (9 - 10)*s*1?
7
Let g(d) = 2*d - 3. Let o be g(4). Suppose 11*l = 21*l - 550. Suppose